 the remainder when 5069 is divided by 5.
4
What is the remainder when 6454 is divided by 191?
151
What is the remainder when 3595 is divided by 98?
67
Calculate the remainder when 5002 is divided by 4995.
7
Calculate the remainder when 1777 is divided by 11.
6
Calculate the remainder when 10078 is divided by 144.
142
Calculate the remainder when 32528 is divided by 8070.
248
What is the remainder when 377 is divided by 54?
53
What is the remainder when 126699 is divided by 434?
405
Calculate the remainder when 1212935 is divided by 139.
21
What is the remainder when 39721 is divided by 190?
11
What is the remainder when 5239 is divided by 2548?
143
What is the remainder when 55319 is divided by 4255?
4
What is the remainder when 468376 is divided by 170?
26
What is the remainder when 106599 is divided by 229?
114
Calculate the remainder when 38011 is divided by 7601.
6
Calculate the remainder when 2039439 is divided by 689.
688
Calculate the remainder when 45989 is divided by 33.
20
What is the remainder when 3433828 is divided by 510?
508
What is the remainder when 5362 is divided by 2680?
2
Calculate the remainder when 75567 is divided by 15.
12
What is the remainder when 12431 is divided by 78?
29
Calculate the remainder when 131001 is divided by 97.
51
What is the remainder when 6594 is divided by 433?
99
What is the remainder when 36420 is divided by 25?
20
What is the remainder when 394431 is divided by 98604?
15
Calculate the remainder when 91670 is divided by 30535.
65
What is the remainder when 224283 is divided by 94?
93
Calculate the remainder when 2082 is divided by 1004.
74
What is the remainder when 6279 is divided by 349?
346
What is the remainder when 29357 is divided by 4842?
305
Calculate the remainder when 10339 is divided by 13.
4
Calculate the remainder when 1033602 is divided by 556.
554
Calculate the remainder when 7985 is divided by 1594.
15
Calculate the remainder when 8776 is divided by 390.
196
Calculate the remainder when 101142 is divided by 8.
6
Calculate the remainder when 3847 is divided by 1086.
589
What is the remainder when 5766 is divided by 25?
16
Calculate the remainder when 40865 is divided by 43.
15
Calculate the remainder when 2939 is divided by 5.
4
Calculate the remainder when 1714687 is divided by 1088.
1087
Calculate the remainder when 15299 is divided by 762.
59
Calculate the remainder when 61585 is divided by 269.
253
What is the remainder when 1101128 is divided by 241?
240
What is the remainder when 47197 is divided by 100?
97
What is the remainder when 7421 is divided by 128?
125
Calculate the remainder when 7573 is divided by 376.
53
Calculate the remainder when 31021 is divided by 27.
25
What is the remainder when 214088 is divided by 10704?
8
What is the remainder when 59290 is divided by 259?
238
What is the remainder when 103150 is divided by 256?
238
What is the remainder when 6834 is divided by 3410?
14
What is the remainder when 4663 is divided by 313?
281
Calculate the remainder when 2496 is divided by 23.
12
Calculate the remainder when 139929 is divided by 52.
49
What is the remainder when 862 is divided by 122?
8
What is the remainder when 13256 is divided by 122?
80
What is the remainder when 226331 is divided by 141?
26
What is the remainder when 11598 is divided by 54?
42
What is the remainder when 312 is divided by 227?
85
What is the remainder when 2131 is divided by 1542?
589
What is the remainder when 4813854 is divided by 145?
144
What is the remainder when 58200 is divided by 28957?
286
What is the remainder when 32139 is divided by 266?
219
Calculate the remainder when 32393 is divided by 55.
53
What is the remainder when 2899 is divided by 1385?
129
What is the remainder when 1122197 is divided by 124?
121
Calculate the remainder when 19898406 is divided by 116.
114
What is the remainder when 467323 is divided by 67?
65
What is the remainder when 130237 is divided by 148?
145
What is the remainder when 140 is divided by 30?
20
What is the remainder when 318930 is divided by 32?
18
What is the remainder when 2063 is divided by 27?
11
Calculate the remainder when 10539 is divided by 40.
19
Calculate the remainder when 48115 is divided by 198.
1
Calculate the remainder when 4663 is divided by 11.
10
Calculate the remainder when 24252 is divided by 55.
52
What is the remainder when 20660431 is divided by 123?
121
Calculate the remainder when 3321 is divided by 566.
491
What is the remainder when 7795 is divided by 54?
19
Calculate the remainder when 31330 is divided by 97.
96
What is the remainder when 7355 is divided by 946?
733
Calculate the remainder when 2526 is divided by 965.
596
What is the remainder when 50840 is divided by 16943?
11
What is the remainder when 5585 is divided by 444?
257
What is the remainder when 1383 is divided by 635?
113
Calculate the remainder when 312966 is divided by 12.
6
What is the remainder when 13169 is divided by 658?
9
What is the remainder when 722654 is divided by 14453?
4
What is the remainder when 59387 is divided by 421?
26
What is the remainder when 34150 is divided by 41?
38
What is the remainder when 1899 is divided by 133?
37
Calculate the remainder when 396248 is divided by 36022.
6
What is the remainder when 17944 is divided by 17895?
49
What is the remainder when 50832 is divided by 782?
2
What is the remainder when 12832 is divided by 52?
40
Calculate the remainder when 413912 is divided by 204.
200
Calculate the remainder when 1136 is divided by 61.
38
Calculate the remainder when 133541 is divided by 814.
45
What is the remainder when 7047 is divided by 29?
0
What is the remainder when 5176 is divided by 20?
16
Calculate the remainder when 31140 is divided by 74.
60
Calculate the remainder when 136974 is divided by 867.
855
Calculate the remainder when 3721 is divided by 98.
95
What is the remainder when 26331 is divided by 115?
111
What is the remainder when 5671364 is divided by 21?
20
What is the remainder when 14316 is divided by 2837?
131
What is the remainder when 3666 is divided by 1197?
75
Calculate the remainder when 44649 is divided by 122.
119
What is the remainder when 12776 is divided by 910?
36
Calculate the remainder when 5052 is divided by 834.
48
What is the remainder when 1257 is divided by 246?
27
Calculate the remainder when 10407 is divided by 5191.
25
Calculate the remainder when 13754 is divided by 652.
62
What is the remainder when 164443 is divided by 10962?
13
What is the remainder when 101602 is divided by 13?
7
Calculate the remainder when 267042 is divided by 26.
22
What is the remainder when 2567367 is divided by 244?
243
Calculate the remainder when 25046 is divided by 837.
773
Calculate the remainder when 77391 is divided by 496.
15
What is the remainder when 605928 is divided by 79?
77
What is the remainder when 14816 is divided by 607?
248
What is the remainder when 4954 is divided by 486?
94
Calculate the remainder when 4847 is divided by 179.
14
What is the remainder when 958 is divided by 445?
68
Calculate the remainder when 1273 is divided by 1076.
197
What is the remainder when 2981 is divided by 44?
33
Calculate the remainder when 387670 is divided by 260.
10
Calculate the remainder when 10010 is divided by 31.
28
Calculate the remainder when 95324 is divided by 3404.
12
What is the remainder when 3482 is divided by 3287?
195
What is the remainder when 11110 is divided by 825?
385
Calculate the remainder when 17685 is divided by 67.
64
What is the remainder when 31041 is divided by 237?
231
Calculate the remainder when 64091 is divided by 1831.
6
What is the remainder when 4338 is divided by 1223?
669
Calculate the remainder when 11227 is divided by 208.
203
Calculate the remainder when 1929 is divided by 955.
19
Calculate the remainder when 6606 is divided by 66.
6
Calculate the remainder when 5669 is divided by 470.
29
Calculate the remainder when 21503 is divided by 337.
272
What is the remainder when 499 is divided by 186?
127
What is the remainder when 889 is divided by 452?
437
What is the remainder when 2415036 is divided by 17?
16
Calculate the remainder when 1767 is divided by 152.
95
Calculate the remainder when 13562183 is divided by 562.
561
What is the remainder wh